(104).
855
Let t(m) = m**3 - 49*m**2 - 136*m - 869. What is t(52)?
171
Let v(o) = -2*o**3 - 105*o**2 + 1637*o - 14. Calculate v(12).
1054
Let c(t) = t**3 + 3*t**2 - 44*t + 111. Give c(6).
171
Let d(m) = -80*m**2 + 42722*m - 43698. Give d(533).
8
Let k(p) = -1410*p - 747228. Give k(-530).
72
Let j(m) = -294*m - 3374. Determine j(-9).
-728
Let h(u) = 4244*u + 12859. Give h(-3).
127
Let u(q) = -1808*q - 102986. What is u(-57)?
70
Let r(j) = j**2 + 118*j + 3686. Calculate r(-57).
209
Let t(k) = -6091*k - 36528. Calculate t(-6).
18
Let u(s) = 2183*s - 26200. Calculate u(12).
-4
Let r(c) = -c**2 + 12228*c + 404423. Give r(-33).
-190
Let z(x) = x**2 + 2449*x + 115242. Calculate z(-48).
-6
Let q(p) = 27*p**3 + 1212*p**2 - 134*p + 40. What is q(-45)?
-5
Let l(h) = h**3 - 995*h**2 + 2452*h - 2439729. Determine l(995).
11
Let d(z) = z**3 - 12*z**2 - 608*z + 314. Give d(31).
-275
Let h(x) = x**2 - 50854*x + 864227. What is h(17)?
-2
Let j(s) = -1273*s - 63177. Determine j(-50).
473
Let v(u) = -u**3 - 22*u**2 - 2374*u - 44040. Calculate v(-19).
-17
Let a(d) = 22245*d - 711811. What is a(32)?
29
Let t(h) = 2*h**2 - 116*h + 1111. What is t(12)?
7
Let t(n) = 371*n + 19527. What is t(-54)?
-507
Let s(t) = -11374*t - 113310. Calculate s(-10).
430
Let s(z) = -z**2 - 188*z - 8614. Calculate s(-109).
-3
Let f(q) = 4*q**3 - 166*q**2 + 2479*q - 15175. What is f(20)?
5
Let j(m) = -965*m - 7088. What is j(-8)?
632
Let a(k) = -1599*k + 135904. Determine a(85).
-11
Let q(u) = -21074*u + 210496. Determine q(10).
-244
Let a(v) = 991021*v + 6937151. Give a(-7).
4
Let s(o) = -24*o**2 + 261*o - 107. Determine s(9).
298
Let o(c) = -2*c**3 + 25*c**2 - 2*c + 1125. Determine o(15).
-30
Let g(v) = -24*v**3 - 1517*v**2 - 344*v - 1788. Calculate g(-63).
39
Let w(y) = 969*y + 3759. What is w(-4)?
-117
Let q(m) = 4*m**3 - 564*m**2 + 4*m + 341. Give q(141).
905
Let a(i) = -3*i**3 + 1159*i**2 - 628*i - 1785. Determine a(-1).
5
Let c(t) = -974*t + 58220. What is c(60)?
-220
Let d(p) = -58*p**2 - 100*p - 135. Give d(-5).
-1085
Let q(k) = 124*k + 16943. Give q(-136).
79
Let m(c) = 4467*c + 93907. Determine m(-21).
100
Let j(m) = 3*m**3 + 281*m**2 - 94*m - 455. Calculate j(-94).
-455
Let s(i) = 5*i**3 - 128*i + 363. Give s(3).
114
Let o(h) = -105475*h - 33857464. What is o(-321)?
11
Let l(u) = -3*u**3 - 114*u**2 - 122*u + 46. Calculate l(-37).
453
Let i(t) = -t**3 - 8*t**2 - 17*t - 7. Determine i(3).
-157
Let f(v) = 7281*v - 72867. What is f(10)?
-57
Let s(l) = -129*l + 2685. Determine s(19).
234
Let k(f) = -5*f**2 + 1839695*f - 1839697. Give k(1).
-7
Let t(p) = -p**3 - 5*p**2 + 1483*p - 260. Calculate t(36).
-8
Let c(g) = g**3 + 5*g**2 - 500*g - 3152. Calculate c(-6).
-188
Let p(f) = 5*f**3 - 238*f**2 + 407*f - 1921. Determine p(46).
-127
Let w(g) = 3536*g + 20990. Determine w(-6).
-226
Let l(s) = s**2 + 8*s - 5592. Give l(67).
-567
Let u(x) = -9*x**2 - 166*x - 16. Give u(-13).
621
Let t(o) = 78266*o + 2269719. What is t(-29)?
5
Let o(k) = -19356*k - 97194. Give o(-5).
-414
Let b(j) = -2*j**2 - 1986*j - 25498. Give b(-13).
-18
Let h(j) = j**2 + 41294*j - 1901600. Give h(46).
40
Let c(d) = -1144*d - 4114. Give c(-3).
-682
Let a(p) = 10110*p + 19987. What is a(-2)?
-233
Let z(b) = 89546*b + 447678. Give z(-5).
-52
Let k(v) = -3*v**2 + 171*v - 2591. Determine k(19).
-425
Let s(w) = -2*w - 8. What is s(-3)?
-2
Let k(u) = -132383*u - 794303. Calculate k(-6).
-5
Let k(f) = -24*f**2 - 429*f - 1732. What is k(-6)?
-22
Let u(f) = -f**2 - 19*f - 199. Give u(-10).
-109
Let b(k) = -43*k**3 + 55*k**2 + 147*k - 33. What is b(-3)?
1182
Let m(q) = -83236*q - 416177. Give m(-5).
3
Let i(m) = -1494*m + 1790. What is i(1)?
296
Let a(l) = 9*l**3 - 1492*l**2 - 317*l - 2488. What is a(166)?
2
Let d(i) = -751*i - 116996. Give d(-155).
-591
Let f(k) = 6*k**2 - 930*k + 1852. What is f(2)?
16
Let j(y) = 3*y**2 + 1539*y - 80594. What is j(48)?
190
Let t(s) = -269*s**2 - 900610*s + 6701. Determine t(-3348).
5
Let h(l) = 3*l**2 - 1277*l - 246815. What is h(570)?
-5
Let t(i) = -8307*i - 41546. Determine t(-5).
-11
Let f(b) = -b**3 + 48*b**2 + 4876*b + 2319. Give f(98).
-33
Let x(h) = 4*h**2 + 5184*h + 161780. Give x(-32).
-12
Let n(p) = -1771*p**2 + 10608*p + 114. What is n(6)?
6
Let c(g) = -17*g**2 - 184*g + 768. Give c(4).
-240
Let k(z) = -950*z - 527244. Give k(-555).
6
Let j(y) = 3*y**3 + 668*y**2 + 4947*y + 127. Determine j(-215).
-303
Let r(i) = -3*i**3 - 270*i**2 + 294*i + 1921. Give r(-91).
10
Let o(m) = 8*m**2 - 2090*m + 360. Calculate o(261).
-162
Let p(l) = -5*l**2 + 21808*l - 43604. What is p(2)?
-8
Let i(h) = 254*h**2 - 263100*h - 263100. What is i(-1)?
254
Let l(t) = -t**2 + 483*t - 51650. Calculate l(160).
30
Let i(d) = -20*d**2 - 193*d + 1027. Determine i(-14).
-191
Let c(l) = -l**2 - 38969*l - 428532. Determine c(-11).
6
Let w(v) = 40*v**2 - 62*v + 268. Calculate w(4).
660
Let z(s) = 3*s**3 + 34*s**2 - 162*s - 105. Give z(4).
-17
Let a(w) = -1072*w - 1550. What is a(-2)?
594
Let i(v) = -6432*v + 418085. Determine i(65).
5
Let q(w) = -70366*w + 3025637. Determine q(43).
-101
Let y(g) = 4*g**3 + 23*g**2 - 237*g + 155. Give y(6).
425
Let s(g) = -6*g**2 - 1116*g - 30995. Give s(-152).
13
Let g(d) = 4*d**3 + 17*d**2 - 315*d + 1117. Give g(5).
467
Let h(j) = -13*j**2 + 48*j + 430. What is h(-11)?
-1671
Let i(o) = 11*o + 161. Determine i(2).
183
Let o(y) = -y**2 + 98*y - 2295. What is o(31)?
-218
Let b(a) = 10*a**2 - 1556*a + 2471. What is b(154)?
7
Let p(m) = -161*m + 2461. Give p(26).
-1725
Let g(k) = 2*k**2 - 1613*k + 20820. Determine g(13).
189
Let r(v) = -v**3 + 85*v**2 - 1800*v + 261. Calculate r(46).
-15
Let m(f) = 378*f + 22554. Determine m(-59).
252
Let n(b) = b**3 - 54*b**2 + 557*b + 311. Determine n(15).
-109
Let a(d) = 139*d**2 + 1859*d - 23761. Determine a(8).
7
Let s(a) = 59*a**2 + 1125*a + 338. Calculate s(-13).
-4316
Let s(v) = -2*v**3 + 16*v**2 - 11*v + 71. Determine s(6).
149
Let g(h) = 123672*h - 1113042. Determine g(9).
6
Let y(q) = -109*q - 1751. What is y(-17)?
102
Let r(n) = -36*n - 1083. Calculate r(-64).
1221
Let u(v) = 12*v**2 - 894*v - 2985. Determine u(78).
291
Let l(k) = 84*k**2 - 4*k + 64. Give l(-4).
1424
Let d(c) = -c**3 - 3*c**2 + 826*c + 117. What is d(27)?
549
Let o(w) = -11*w**3 + 3*w**2 + 24*w + 125. What is o(-4)?
781
Let c(n) = 1412*n + 131301. Give c(-93).
-15
Let v(d) = -4*d**2 - 264*d - 2725. Determine v(-13).
31
Let f(k) = 51*k**2 - 134*k + 522. Calculate f(4).
802
Let q(m) = m**3 + 645*m**2 + 14307*m - 6. Determine q(-23).
-29
Let i(o) = -o**3 - 258*o**2 - 1019*o - 594. Give i(-254).
168
Let k(t) = 504*t - 67042. Give k(133).
-10
Let d(b) = -b**3 + 33*b**2 + 471*b + 128. Calculate d(44).
-444
Let j(l) = l**2 - 4115*l + 28741. Determine j(7).
-15
Let s(h) = 84*h**2 - 5340*h - 2304. Calculate s(64).
0
Let l(r) = -r**3 + 222*r**2 + 8129*r - 3. Calculate l(-32).
-35
Let g(o) = 8844*o - 866731. Determine g(98).
-19
Let o(l) = -9*l**2 + 4018*l - 9724. Calculate o(444).
44
Let s(g) = -2*g**3 - 37*g**2 + 10743*g - 52533. Determine s(5).
7
Let t(a) = 1208*a - 66304. Determine t(55).
136
Let q(w) = 10*w**3 - 374*w**2 - 1132*w + 1. Determine q(-3).
-239
Let j(f) = 4*f**2 - 322*f - 2188. Determine j(35).
-8558
Let z(t) = 1976*t - 25646. Give z(13).
42
Let i(w) = w**3 - 153*w**2 + 16*w + 43188. Calculate i(151).
2
Let b(u) = 21*u**2 + 118*u - 2. Calculate b(-6).
46
Let h(n) = -48*n**3 + 15*n**2 + 69*n - 349. Give h(3).
-1303
Let c(j) = j**3 + 35*j**2 - 3177*j + 18980. Calculate c(37).
-1
Let h(d) = -47770*d - 190994. Calculate h(-4).
86
Let p(x) = 387*x + 1027. Calculate p(4).
2575
Let p(l) = -5683*l + 56903. Calculate p(10).
73
Let d(v) = 10*v**3 + 1026*v**2 - 411*v + 91. What is d(-103)?
-12
Let w(s) = 745*s + 58759. Give w(-79).
-96
Let g(x) = -22*x**2 + 1317*x + 316. Determine g(60).
136
Let j(h) = 6619*h + 264833. What is j(-40)?
73
Let g(d) = d**3 - 22*d**2 - 120*d - 631. Give g(27).
-226
Let i(v) = -13*v + 1646. Calculate i(143).
-213
Let r(q) = 6*q**3 - 417*q**2 - 200*q + 28097. Give r(69).
14
Let i(n) = -5*n**3 + 70*n**2 + 94*n - 1189. Calculate i(4).
-13
Let j(f) = 255*f - 9059. Give j(41).
1396
Let f(k) = -22737*k - 2501071. Calculate f(-110).
-1
Let m(k) = -2*k**3 + 19*k**2 + 24*k + 15. What is m(13)?
-856
Let y(o) = -o**3 + 222*o**2 + 11*o - 2370. Calculate y(